. Let b = 13 - o. Suppose 5*f + 25 = -b*d + 5*d, 2*d - 3*f - 27 = 0. What is the remainder when 57 is divided by d?
12
What is the remainder when ((-6)/60*-12)/(4/70) is divided by 4?
1
Let w(x) = -x**3 + 4*x**2 - 2*x. Let o be w(5). What is the remainder when 1/2*(-1 - o) is divided by 6?
5
Let m = 22 - 22. Suppose -15 = -3*b, 35 = -m*x + 5*x + 3*b. What is the remainder when x is divided by 4?
0
Let u = 1373 + -1334. What is the remainder when u is divided by 25?
14
Suppose 3*l - 1243 = 1601. What is the remainder when l is divided by 95?
93
Let t(x) = x**3 + 3*x**2 - 35*x - 15. Calculate the remainder when 473 is divided by t(-7).
31
Let b be 12/2*(0 - 1). Let f(r) = r**2 + r - 7. Let o = 258 + -250. Calculate the remainder when f(b) is divided by o.
7
Let x = -10 - -13. Suppose d + 2*z + z - 4 = 0, -5*d - 20 = -5*z. Calculate the remainder when 28/(-10)*5/d is divided by x.
1
Suppose 3*i - 110 = 3*b + 10, -117 = -3*i + 2*b. What is the remainder when 120 is divided by i?
9
Let u = 38 + -17. Let d = -31 - -90. Suppose -10*i = d - 449. What is the remainder when i is divided by u?
18
Let g be (2/2)/((-4)/(-180)). Let v = g - -19. Calculate the remainder when v is divided by 2*(-33)/(-9)*3.
20
Let v(r) = 154*r - 285. What is the remainder when 457 is divided by v(2)?
20
Let v(s) = 10*s**3 + 2*s**2 + s - 2. Let f = 7 + -28. What is the remainder when (-6)/21 + (-384)/f is divided by v(1)?
7
Let y = 851 + -756. What is the remainder when 320 is divided by y?
35
Let p(i) = -6*i - 17. Let z = -25 + 21. Calculate the remainder when 27 is divided by p(z).
6
Let s(v) = -v**2 + 56*v - 196. What is the remainder when s(48) is divided by 24?
20
Suppose 3*j = 2*o - 59, 3*o - 4*j - 94 = -7. Suppose 637 + 727 = 11*y. Calculate the remainder when y is divided by o.
24
Let d(j) = -j**2 + 16*j - 37. Suppose -5*f + 56 = 6. What is the remainder when d(12) is divided by f?
1
Let b = -39 - -61. Let d = 41 + -45. Calculate the remainder when b is divided by 140/21 - d/(-6).
4
Let c be (0 + -1)/((-5)/25). Suppose 8 = -5*z + 4*d, -5*z = -3*z - 4*d + 8. Suppose c*p - 377 + 37 = z. What is the remainder when p is divided by 35?
33
Let n(i) = i**3 - i**2 - 21*i + 8. Let v be n(6). Let r = v + -40. What is the remainder when 2/(-5) - 207/(-5) is divided by r?
19
Let c = -11 + 58. Suppose 4*p + 210 - 4 = 3*v, 3*p = -15. Let l = v + -38. What is the remainder when c is divided by l?
23
Suppose b - 5*i = 3*b + 9, 2*b = 3*i + 15. What is the remainder when 23 is divided by -6 + b - (-15 - (-1 + 2))?
10
Let l(c) = c**3 - 9*c**2 + 8*c + 3. What is the remainder when l(10) is divided by 27?
21
Calculate the remainder when 95 is divided by (8/(-44))/((-1)/88).
15
Let m = -1 - -3. Let l = 171 + -121. Suppose -m*b + 4*b = l. Calculate the remainder when b is divided by 9.
7
Suppose 3 = -0*b + b. Suppose -b*a + 1 = -5. Calculate the remainder when 9 is divided by a.
1
Let s = -279 + 309. Calculate the remainder when s is divided by 19.
11
Let s(f) = 4*f**2 - 1. Let r be s(-1). Suppose r*v + v = 20. Suppose -v*p + 7*q + 6 = 4*q, -3*q = 5*p - 24. What is the remainder when 5 is divided by p?
2
Suppose -89 - 143 = -4*m. Suppose -981 = -11*u + 31. Let t = 107 - u. Calculate the remainder when m is divided by t.
13
Let c(r) = -153*r**3 + 2*r**2 + 5*r + 3. What is the remainder when c(-1) is divided by 41?
30
Let y(g) = -35 + 3*g + 6 + 11 + 5. Let u be 13 - (2 - 0)*1. Calculate the remainder when y(u) is divided by 11.
9
Let u(g) = -48*g - 27. Let p be u(-8). Suppose 4*i + 81 = p. Suppose -4*r + 24 = -48. What is the remainder when i is divided by r?
15
Suppose 50 = 2*d - 3*k, -2*d = 3*k + k - 22. Calculate the remainder when d is divided by (-2 + 0)/(-2) + 6.
5
Suppose -4*d + 4 = -3*r, 2*r + 9*d - 20 = 6*d. Calculate the remainder when 7 is divided by r.
3
What is the remainder when (33 - -4)/(7/((-105)/(-5))) is divided by 31?
18
Let h(l) = l**2 - 53*l - 161. Calculate the remainder when 0 - (2 + (-44 - -2)) is divided by h(-3).
5
What is the remainder when 122 is divided by (6/(-8) + 10/8)*64?
26
Let a(y) = -4*y - 2. Let w be a(1). Let k(f) = f**2 + 3*f + 5. Let s be k(w). Suppose s = 2*z - 27. Calculate the remainder when 72 is divided by z.
22
What is the remainder when 28/(-63) - 1948/(-9) is divided by 60?
36
Let y(b) = -b**3 - 3*b**2 + 2*b + 1. Let i = -11 + 7. Let o(r) = 8*r + 2. What is the remainder when o(3) is divided by y(i)?
8
Let r(d) = 39*d - 95. Calculate the remainder when r(5) is divided by 29.
13
Let c(m) = m**2 + 13*m + 22. Let q be c(-5). Suppose -31 - 11 = -3*v. What is the remainder when ((-82)/4)/(9/q) is divided by v?
13
Let j(z) = -3*z**2 - 1. Let i be j(-2). Let x = i + 11. What is the remainder when 15 is divided by x - -11 - (-4 + 4)?
6
Suppose -24*u - 6 = -26*u. Suppose -6 - 12 = -u*y. Calculate the remainder when 27 is divided by y.
3
Let z = 120 + -53. What is the remainder when 200 is divided by z?
66
Suppose 4*c = -7*f + 6*f + 57, 2*f - 58 = -4*c. Calculate the remainder when 31 is divided by c.
3
Let k = 1696 + -1498. Calculate the remainder when k is divided by 27.
9
Suppose -68 = -5*h - 23. Suppose h = -7*f + 10*f. What is the remainder when f is divided by 1?
0
Let i(y) = -7*y - 10. Suppose 3 = n + 5*v, n - 3*v - 2 = -7. What is the remainder when 34 is divided by i(n)?
2
Suppose 2*h + 4*o = 5*h + 20, -2*h - 4*o + 20 = 0. Let x be (-4)/14 + (-6)/(-21). Suppose x = -4*i - h*i + 96. Calculate the remainder when i is divided by 13.
11
What is the remainder when 136 + (6 + -5 - 6) is divided by 12?
11
Let x(n) = n**3 - 16*n**2 + 15*n + 18. Let k = 20 + -12. Let y = 23 - k. What is the remainder when 33 is divided by x(y)?
15
Suppose g - 5*n = -0*g + 2, 3 = -3*n. Suppose -a - 37 = -2*a - 5*l, 63 = 4*a + 3*l. Let f = a + g. What is the remainder when f is divided by 6?
3
Let m = 26 + -20. Calculate the remainder when m/(-12) - (-65)/2 is divided by 5.
2
Suppose 3*n - 27 - 9 = 0. Calculate the remainder when 24 is divided by 6*(n/8 + 0).
6
Let r(i) = i**2 + 61*i - 769. What is the remainder when 411 is divided by r(11)?
20
Let j = 1150 - 1053. Let h = -35 + 55. What is the remainder when j is divided by h?
17
Suppose 57 = b - 123. Let h be b/22 - (-16)/(-88). Let s = -7 + h. Calculate the remainder when 2 is divided by s.
0
Let c(b) = b**2 - 40*b + 42. Let f be c(26). Let p = f + 572. What is the remainder when p is divided by 21?
19
Let j be ((-16)/14)/(6/(-21)). Suppose 5*r - 81 = -j*h, -4*h - 55 = -r - 2*r. Calculate the remainder when 83 is divided by r.
15
Let s(y) = -114*y**3 + 2*y + 1. Let m be s(-1). Let z = 199 - 138. Let p = m - z. What is the remainder when p is divided by 27?
25
Let k = -109 - -225. Suppose 3*y + 5*x - 74 = -0*y, 4*y - k = 2*x. Let v(d) = -6*d - 3. Calculate the remainder when y is divided by v(-3).
13
Let n = -95 - -130. Calculate the remainder when n is divided by 20.
15
Let m(p) be the first derivative of 4*p**2 - 3*p - 19. Let u = -1 + 3. What is the remainder when 25 is divided by m(u)?
12
Let k be 8 - -16 - (0 + 6). Suppose -5*w = 5*l + 80, 0 = 2*w - w - 4*l + 1. Let i = k + w. What is the remainder when 24 is divided by i?
4
Suppose 0 = 8*x - 3*x - 170. What is the remainder when x is divided by 3*2*(4 + -1)?
16
Let j(m) = m**2 - 4*m - 3. Let c be j(6). Suppose -c = -3*h + 6. Suppose -3*w + 14 = 4*n, 2*w - n + h - 18 = 0. Calculate the remainder when 15 is divided by w.
3
Let b = 41 + -37. Suppose b*u - 4 = 48. What is the remainder when 29 is divided by u?
3
Let b(q) be the second derivative of q**5/20 - 7*q**4/12 + 4*q**2 + q. Suppose -m = -0*m - 23. Calculate the remainder when m is divided by b(7).
7
Let f(x) = -x**3 + 4*x**2 + 2*x - 2. Let q = -388 - -410. Calculate the remainder when q is divided by f(4).
4
Let t = 81 - 75. What is the remainder when 13 is divided by t?
1
Let n(m) = 23*m - 9. Let l be n(7). Suppose -9 - 191 = -5*s + 5*h, 4*s - 2*h = l. What is the remainder when s is divided by 13?
10
Let k = 64 - 54. Suppose 0 = -4*a + 5*a - k. What is the remainder when 26 is divided by a?
6
Let r(n) = -n**2 - 7*n - 3. Let q be ((-36)/(-5))/((-6)/(-15)). Let h = q + 14. Calculate the remainder when h is divided by r(-5).
4
Let z(x) = -2*x + 76. Let l = 189 - 30. Suppose 4*j + l = 7*j. Calculate the remai